{"id":148,"date":"2014-05-03T21:55:48","date_gmt":"2014-05-03T19:55:48","guid":{"rendered":"http:\/\/www.mentalbeleben.at\/?page_id=148"},"modified":"2014-07-27T23:04:29","modified_gmt":"2014-07-27T21:04:29","slug":"ich-selbst","status":"publish","type":"page","link":"https:\/\/www.mentalbeleben.at\/?page_id=148","title":{"rendered":"Ich selbst"},"content":{"rendered":"<p>Ich beginne jeden Tag mit einem L\u00e4cheln.<\/p>\n<p>Ich bin dankbar angenehm geschlafen zu haben.<\/p>\n<p>Ich bereite\u00a0 meinen K\u00f6rper mit sanften Bewegungen auf das Aufstehen vor und g\u00f6nne ihm ein gesundes Fr\u00fchst\u00fcck.<\/p>\n<p>Ich \u00fcberdenke den heutigen Tag und visualisiere ihn nach meinen W\u00fcnschen.<\/p>\n<p>Ich richte meine Aufmerksamkeit auf die wundersch\u00f6ne Natur und freue mich ein Teil davon zu sein.<\/p>\n<p>Ich empfinde mich als Kind Gottes, als Teil eines wunderbaren Ganzen, oder wie immer man es auch nennen mag und segne mich, meine Lieben und alle, die mir heute begegnen werden.<\/p>\n<p>Ich freue mich auf diesen Tag und alle Situationen und Erfahrungen, die ich an diesem Tag erleben darf.<\/p>\n<p>Ich bin mir bewusst, dass ich alles durch mein Tun und Denken beeinflussen kann.\u00a0\u00a0\u00a0\u00a0 Alles was ich von mir gebe, kehrt zu mir zur\u00fcck.<\/p>\n<p>Ich hinterfrage immer wieder, ob ich von bestimmten Gedanken, Gef\u00fchlen Situationen oder Erfahrungen mehr in meinem Leben haben m\u00f6chte.<\/p>\n<p>Ich alleine entscheide welche Art von Erfahrungen, ich heute machen werde, dabei h\u00f6re ich auf meine innere Stimme.<\/p>\n<p>Eventuelle negative Gef\u00fchle beachte und durchleuchte ich sofort.<\/p>\n<p>Ich erkenne, dass der Schmerz mein Freund ist, der mir wichtige Hinweise gibt.<\/p>\n<p>Ich akzeptiere jede Situation und erkenne die Aufgaben darin.<\/p>\n<p>Ich kann immer einen Gedanken w\u00e4hlen, der sich besser anf\u00fchlt.<\/p>\n<p>Ich \u00fcbernehme die Verantwortung f\u00fcr mein Leben und \u00fcberdenke alte Gewohnheiten\u00a0 immer wieder.<\/p>\n<p>Ich richte meine Aufmerksamkeit immer wieder auf die Dinge und Situationen, die mir gut tun.<\/p>\n<p>Ich wei\u00df, dass ich alles kann, was ich mir selbst zutraue, dass alles m\u00f6glich ist, was ich f\u00fcr m\u00f6glich halte.<\/p>\n<p>Jeden Abend lasse ich meinen Tag Revue passieren, danke f\u00fcr alles Gute und stelle mir vor, wie ich nicht so optimal verlaufene Situationen n\u00e4chstes Mal besser machen kann.<\/p>\n<p>&nbsp;<\/p>\n","protected":false},"excerpt":{"rendered":"<p>Ich beginne jeden Tag mit einem L\u00e4cheln. Ich bin dankbar angenehm geschlafen zu haben. Ich bereite\u00a0 meinen K\u00f6rper mit sanften Bewegungen auf das Aufstehen vor und g\u00f6nne ihm ein gesundes Fr\u00fchst\u00fcck. Ich \u00fcberdenke den heutigen Tag und visualisiere ihn nach &hellip; <a href=\"https:\/\/www.mentalbeleben.at\/?page_id=148\">Weiterlesen <span class=\"meta-nav\">&rarr;<\/span><\/a><\/p>\n","protected":false},"author":1,"featured_media":268,"parent":41,"menu_order":0,"comment_status":"closed","ping_status":"closed","template":"","meta":{"footnotes":""},"_links":{"self":[{"href":"https:\/\/www.mentalbeleben.at\/index.php?rest_route=\/wp\/v2\/pages\/148"}],"collection":[{"href":"https:\/\/www.mentalbeleben.at\/index.php?rest_route=\/wp\/v2\/pages"}],"about":[{"href":"https:\/\/www.mentalbeleben.at\/index.php?rest_route=\/wp\/v2\/types\/page"}],"author":[{"embeddable":true,"href":"https:\/\/www.mentalbeleben.at\/index.php?rest_route=\/wp\/v2\/users\/1"}],"replies":[{"embeddable":true,"href":"https:\/\/www.mentalbeleben.at\/index.php?rest_route=%2Fwp%2Fv2%2Fcomments&post=148"}],"version-history":[{"count":9,"href":"https:\/\/www.mentalbeleben.at\/index.php?rest_route=\/wp\/v2\/pages\/148\/revisions"}],"predecessor-version":[{"id":520,"href":"https:\/\/www.mentalbeleben.at\/index.php?rest_route=\/wp\/v2\/pages\/148\/revisions\/520"}],"up":[{"embeddable":true,"href":"https:\/\/www.mentalbeleben.at\/index.php?rest_route=\/wp\/v2\/pages\/41"}],"wp:featuredmedia":[{"embeddable":true,"href":"https:\/\/www.mentalbeleben.at\/index.php?rest_route=\/wp\/v2\/media\/268"}],"wp:attachment":[{"href":"https:\/\/www.mentalbeleben.at\/index.php?rest_route=%2Fwp%2Fv2%2Fmedia&parent=148"}],"curies":[{"name":"wp","href":"https:\/\/api.w.org\/{rel}","templated":true}]}}