{"id":38,"date":"2014-03-22T19:15:32","date_gmt":"2014-03-22T17:15:32","guid":{"rendered":"http:\/\/www.mentalbeleben.at\/?page_id=38"},"modified":"2014-07-27T23:00:32","modified_gmt":"2014-07-27T21:00:32","slug":"quantentransformation","status":"publish","type":"page","link":"https:\/\/www.mentalbeleben.at\/?page_id=38","title":{"rendered":"Matrixheilung"},"content":{"rendered":"<p>Was versteht man unter Matrix?<\/p>\n<p>Die Matrix enth\u00e4lt s\u00e4mtliche Informationen unserer Existenz. In unserer pers\u00f6nlichen Matrix befinden sich neben Informationen \u00fcber den physischen K\u00f6rper auch unsere Vergangenheit unsere seelischen Regungen und unsere Gedanken.<\/p>\n<p>Sie umfasst den Raum der Varianten, dieser beinhaltet die Informationen \u00fcber alles, was war, was ist, was sein wird und sein kann und ist der Urgrund auf dem sich unsere Realit\u00e4t abspielt.<\/p>\n<h1>Die <b>Quantenphysik<\/b> lehrt, dass alles was ist, <b>energetische Einheiten<\/b> sind. Es ist ein <b>pulsierendes Energiefeld<\/b>, verbunden mit der <b>Sch\u00f6pfung<\/b>, mit Allem was Ist.<\/h1>\n<p>Alles was ist, ist <b>Licht<\/b> und <b>Information<\/b>, und bildet biologische Informationsfelder, die eine st\u00e4ndig schwingende, interaktive Matrix, ein Energiefeld, formen. Diese Vibrationen in der Matrix ver\u00e4ndern sich laufend durch innere und \u00e4ussere Einfl\u00fcsse und diese Ver\u00e4nderung kann jederzeit beeinflusst werden.<\/p>\n<h1>Unter Matrixheilung versteht man, die Ver\u00e4nderung dieser Informationen zu unserem Heile.<\/h1>\n<h1>Die <strong>Selbstheilung ist ein Schwingungsfeld, das dem Bewusstsein eines jeden Menschen ganz nat\u00fcrlich innewohnt.<\/strong><\/h1>\n<p>Bei einer Behandlung wird der Klient wie ein Adapter mit dem H\u00f6heren Bewusstsein verbunden. Der Behandler selbst gibt keine Fremdenergie ab. Kurz gesagt, aus diesem Bewusstsein l\u00e4dt der Klient die Informationen &#8220;herunter&#8221;, die sein System ben\u00f6tigt, um den n\u00e4chsten Schritt in seiner Entwicklung, zu seiner eigenen Selbstheilung\u00a0zu tun. Hinderliches wird aufgel\u00f6st (transformiert), eine Wende hin zu mehr k\u00f6rperlichem Wohlbefinden und geistigem Frieden kann stattfinden.<\/p>\n<p>Jeder kann die Methode auch selbst erlernen.<\/p>\n<h1>Wir alle sind f\u00e4hig, Selbstheilungs-Kr\u00e4fte zu mobilisieren, unseren Alltag zu kreieren und unsere k\u00f6rperlichen, emotionalen und allgemeinen Lebensthemen schnell und einfach aufzul\u00f6sen.<\/h1>\n<p><strong>Wann immer aber \u00e4u\u00dfere Herausforderungen wachsen, erscheinen in unserem Leben auch vermehrt die guten, heilenden Kr\u00e4fte, mit denen wir diesen Herausforderungen positiv begegnen k\u00f6nnen, wenn wir offen daf\u00fcr sind.<\/strong><\/p>\n<p>&nbsp;<\/p>\n","protected":false},"excerpt":{"rendered":"<p>Was versteht man unter Matrix? Die Matrix enth\u00e4lt s\u00e4mtliche Informationen unserer Existenz. In unserer pers\u00f6nlichen Matrix befinden sich neben Informationen \u00fcber den physischen K\u00f6rper auch unsere Vergangenheit unsere seelischen Regungen und unsere Gedanken. Sie umfasst den Raum der Varianten, dieser &hellip; <a href=\"https:\/\/www.mentalbeleben.at\/?page_id=38\">Weiterlesen <span class=\"meta-nav\">&rarr;<\/span><\/a><\/p>\n","protected":false},"author":1,"featured_media":297,"parent":0,"menu_order":2,"comment_status":"closed","ping_status":"closed","template":"","meta":{"footnotes":""},"_links":{"self":[{"href":"https:\/\/www.mentalbeleben.at\/index.php?rest_route=\/wp\/v2\/pages\/38"}],"collection":[{"href":"https:\/\/www.mentalbeleben.at\/index.php?rest_route=\/wp\/v2\/pages"}],"about":[{"href":"https:\/\/www.mentalbeleben.at\/index.php?rest_route=\/wp\/v2\/types\/page"}],"author":[{"embeddable":true,"href":"https:\/\/www.mentalbeleben.at\/index.php?rest_route=\/wp\/v2\/users\/1"}],"replies":[{"embeddable":true,"href":"https:\/\/www.mentalbeleben.at\/index.php?rest_route=%2Fwp%2Fv2%2Fcomments&post=38"}],"version-history":[{"count":27,"href":"https:\/\/www.mentalbeleben.at\/index.php?rest_route=\/wp\/v2\/pages\/38\/revisions"}],"predecessor-version":[{"id":517,"href":"https:\/\/www.mentalbeleben.at\/index.php?rest_route=\/wp\/v2\/pages\/38\/revisions\/517"}],"wp:featuredmedia":[{"embeddable":true,"href":"https:\/\/www.mentalbeleben.at\/index.php?rest_route=\/wp\/v2\/media\/297"}],"wp:attachment":[{"href":"https:\/\/www.mentalbeleben.at\/index.php?rest_route=%2Fwp%2Fv2%2Fmedia&parent=38"}],"curies":[{"name":"wp","href":"https:\/\/api.w.org\/{rel}","templated":true}]}}